he prime factors of w(s)?
2, 29
What are the prime factors of 56*(-63)/(-70)*5?
2, 3, 7
Let l be (44/(-6))/((-14)/21). Let u = l + -2. Let p(a) = 4*a - 13. What are the prime factors of p(u)?
23
Let c = 1 - 2. Let m be 3 - (4 + 1)*c. Let o = -6 + m. List the prime factors of o.
2
Let k = 29 - 29. Suppose k = a + a + 3*o - 51, o - 24 = -a. Suppose 7*c + 0*c = a. List the prime factors of c.
3
Suppose -2*m - 1572 = -4*c, 36*m = -4*c + 39*m + 1572. List the prime factors of c.
3, 131
Let s be (-2592)/40*20/(-3). Suppose -3*b + 718 = 5*n, 5*n = 2*n - 3*b + s. List the prime factors of n.
11, 13
Let w(n) = -4*n**3 + 2*n**2 - 2*n - 2. Let m be w(-2). Suppose 0*t = -t + m. List the prime factors of t.
2, 3, 7
Let a be (1/(-2))/(18/(-72)). Suppose -j - c = -76, a*c - 5*c = j - 74. What are the prime factors of j?
7, 11
Let c be ((-816)/24)/((-4)/6). Suppose 2*f = 5*p + 88 + c, 0 = 4*f + p - 333. List the prime factors of f.
2, 41
Let o(p) = -p**2 + 10*p - 13. Let v be o(9). Let a = 1 + v. Let i(k) = -k**3 + 2*k**2 + 5*k + 3. List the prime factors of i(a).
3, 11
Let i(p) = -p**3 - 9*p**2 - 8*p + 3. Let q be i(-8). Suppose -q*y - 3*w - 1 + 13 = 0, -y + 3*w - 4 = 0. List the prime factors of y.
2
Suppose -2*d + 93*l = 88*l - 328, 4*d - 604 = -3*l. List the prime factors of d.
2, 7, 11
Suppose 4*a - 142 = 546. Let j = a + -72. What are the prime factors of j?
2, 5
Suppose -2*d - 13*d = 60. List the prime factors of 21/(d/(-30) - (-34)/420).
2, 7
Let t be (-1)/((-2)/10)*-1. Let q = t - -7. Suppose -h = -q*z - 24, 3*h + 2*z - 48 = -0*z. What are the prime factors of h?
2, 3
Let z(h) = -15*h - 312. What are the prime factors of z(-22)?
2, 3
Let r be (2/2 + -6)*-1. Suppose 0*w - 5*w + r*a + 205 = 0, 5*w - 169 = -4*a. List the prime factors of w.
37
Let x = -2 - -10. Let s(p) = 1 - x + 2 + 3*p - 3. What are the prime factors of s(8)?
2
Suppose f = -0 + 30. Let y = f - 26. List the prime factors of y.
2
Let v be ((-22)/(-6))/(4/72). Let s be v/2 + -6 + 5. Let g = 9 + s. List the prime factors of g.
41
Suppose -177*x + 189*x - 15108 = 0. List the prime factors of x.
1259
Suppose -13*a + 1578 + 3245 = 0. What are the prime factors of a?
7, 53
Let s(y) = -8*y - 1. Let x be s(6). Let z = x - -25. What are the prime factors of 2 - z - (1 + 0)?
5
Let h be ((-38)/6)/(-3 - (-8)/3). Suppose 15*k - h*k = -228. What are the prime factors of k?
3, 19
Let h = -219 - -609. Suppose -7*y + h = -y. What are the prime factors of y?
5, 13
Let x = -37 + 35. Let t(n) = 15*n**3 - n**2 + 13*n - 7. Let g(a) = -7*a**3 - 6*a + 3. Let y(o) = 7*g(o) + 3*t(o). List the prime factors of y(x).
2, 13
What are the prime factors of (-1)/(((-30)/5)/1770)?
5, 59
Let d = -5583 + 8683. What are the prime factors of d?
2, 5, 31
Suppose -4*r - 140 = r - 5*f, -91 = 3*r + 4*f. Let o = r - -31. List the prime factors of -4 + 1 + 126/o.
2, 3, 5
Let y be 3/5 - (-160)/25. Let w(f) = f**2 - 5*f - 15. Let i be w(y). List the prime factors of (-3 - 0) + 49 - i.
47
Let b(a) = -31*a + 655. List the prime factors of b(10).
3, 5, 23
Let r(j) = 7*j + 2. Let f be r(-2). List the prime factors of (-194)/(-3) + (-4)/f.
5, 13
Suppose 0 = 21*q - 5860 - 48446. List the prime factors of q.
2, 3, 431
Let n(w) = 17*w. Suppose 4*h - u - 11 = 1, u = 5*h - 15. Suppose -2*b + h + 1 = 0. What are the prime factors of n(b)?
2, 17
Let s(d) = -184*d - 480. List the prime factors of s(-11).
2, 193
Let x = 22 - 25. Let m = x + 10. Suppose 3 = 2*y - m. List the prime factors of y.
5
Suppose 4*k = -7*s + 10*s - 1455, -4*k - 2433 = -5*s. List the prime factors of s.
3, 163
Suppose 5*w - 8016 = -2*g, -4*g = -1 - 11. List the prime factors of w.
2, 3, 89
Suppose 4*b = 12, -2*g + 4*g - 3*b = 17. Let a = 25 - g. Let j(n) = -n**2 + 12*n + 17. List the prime factors of j(a).
17
Let b(o) = 3*o - 11. Let w be (-1938)/(-78) + 3 + 4/26. List the prime factors of b(w).
73
Let y = -1834 - -3791. What are the prime factors of y?
19, 103
Suppose 2*g = -3*c + 5*c + 8, 2*g + 4*c = 8. Suppose 0 = v + g*o + 40, 5*v + 3*o = -135 - 65. Let k = -23 - v. What are the prime factors of k?
17
Suppose 0 = 3*u - 8*u - 225. Let a = -33 - u. List the prime factors of a.
2, 3
Suppose d - 48 = -d. Suppose 5*r - 4*g = -28, 5*r + g = 3*g - d. Let j(w) = w**3 + 5*w**2 + 2*w. What are the prime factors of j(r)?
2
Let z(s) = 2*s**3 - 4*s**2 + 2*s. Let c = 24 - 4. Suppose b = -c + 22. What are the prime factors of z(b)?
2
Suppose -38597 + 6347 = -75*y. List the prime factors of y.
2, 5, 43
Let k(t) = t**2 - 2*t - 5. Let v be k(-3). Suppose -v = -g - 6. List the prime factors of (g - 0) + -7 + 73.
2, 5, 7
Suppose 1 = -4*x + 21. Suppose 0*g + 265 = x*g. What are the prime factors of g?
53
Suppose -8*h + 3 = -9*h. Let w = h - -22. Suppose -q - w = -43. List the prime factors of q.
2, 3
List the prime factors of 176820/126 - (-4)/(-3).
2, 701
Let t = 237 - -708. What are the prime factors of t?
3, 5, 7
Suppose -4*k + h = -1341, -327 = -k - 0*h + 3*h. Suppose 3*w + 296 = 4*i, -2*w - 114 = 3*i - k. List the prime factors of i.
2, 37
Suppose 4*s + 5*j + 2 + 6 = 0, -2*s = -5*j - 26. List the prime factors of (s/(-12)*-17)/((-2)/(-56)).
7, 17
Let j = -24 - -29. Suppose 4*n - 132 = 4*u, 5*n + j*u - 2*u = 205. What are the prime factors of n?
2, 19
Let a = -25 - -28. Suppose 0*q - a*q + 81 = 0. List the prime factors of q.
3
Let j(l) = 113*l - 229. List the prime factors of j(7).
2, 281
Suppose 3*a = -5*f + f + 6237, 0 = -3*f + 5*a + 4714. What are the prime factors of f?
3, 521
Let n(x) = 71*x**3 - x**2 + 5*x - 5. Let b be n(2). Suppose -u = -3*u + k + 557, -2*u + b = -5*k. List the prime factors of u.
277
Let x = -33 - -48. Let v(n) = -n**3 + 2*n**2 - 7*n. Let r be v(7). List the prime factors of r/(-10) + (-6)/x.
29
Suppose 21 = 6*c + 3. Suppose 345 = 5*t - 6*h + 2*h, -4*h = c*t - 239. Suppose 5*l = 47 + t. List the prime factors of l.
2, 3
Let j = 82 - 49. Suppose 2*z = 2*q + 218, -j = -5*q - 8. List the prime factors of z.
2, 3, 19
Suppose -24*g = -22*g + 18. Let i(x) = -x**3 - 8*x**2 + 6*x. What are the prime factors of i(g)?
3
Suppose u + 379 = 4*u - 4*g, -g = -2. What are the prime factors of u?
3, 43
Suppose 26*x + 24158 = 31*x - a, 4*x - 19333 = 3*a. List the prime factors of x.
4831
Suppose 2*g = -0 + 4. Suppose -g*b = -0*b - 54. Let u = b - 16. What are the prime factors of u?
11
Let p be 6/(-7)*28/(-6). Suppose -104 = -t - p*i, -i - 26 = -2*t + 137. Suppose -2*q - t = -4*q. List the prime factors of q.
2, 3, 7
Let t(n) = -5*n**2 - n. Let a be t(-1). What are the prime factors of 24/2 + (a - -12)/4?
2, 7
Let h be (-1 + (-12)/(-30))*-50. What are the prime factors of (-205)/(-2)*(114/h - 3)?
2, 41
Suppose -y - 5 = -6*q + 3*q, 3*y - 21 = -3*q. Let i be (-3)/(-12) - (-15)/y. Let v(h) = 2*h**2 + h + 3. What are the prime factors of v(i)?
3, 13
Let p(b) = -16*b + 3. Let d be p(-7). Suppose 2*w + 4*z + 222 = -0*z, w + 3*z + d = 0. What are the prime factors of w/(-3) + 20/30?
5, 7
Suppose 706*k - 2814 = 704*k. What are the prime factors of k?
3, 7, 67
Let f = -49 - -57. Suppose 0 = -5*z + 4*g + 494, -5*g + 7*g - f = 0. What are the prime factors of z?
2, 3, 17
Let a(k) = k**2 - 2*k + 8. What are the prime factors of a(21)?
11, 37
Let r = -109 + 205. Let n = r - 7. What are the prime factors of n?
89
Suppose -12*r = -8*r - 388. List the prime factors of r.
97
Let c(q) = -46*q**3 - q**2 + 1. Suppose 0 - 2 = -2*s - p, 3*s - 5*p - 29 = 0. Suppose -s = -3*t - 6. What are the prime factors of c(t)?
2, 23
Suppose 10 - 40 = -5*p. Suppose -s + p*s = 360. Suppose s = 3*f - f. What are the prime factors of f?
2, 3
Let n(p) = 4 + 27*p - 90*p - 2. Let k be n(-1). Suppose -3*f - 39 = -2*x, 0*x - 5*x + k = -f. List the prime factors of x.
2, 3
Let b be 9*(0 + ((-8)/6 - -2)). Suppose 3*m + 37 - 234 = -2*x, 2*m = -b. List the prime factors of x.
103
Let f(y) = y - 1. Let z(w) = -6*w + 9. Let i(t) = 4*f(t) + z(t). List the prime factors of i(-5).
3, 5
Let k(n) = n + 35. Let c be k(0). Let b be 180/c*(-14)/(-4). List the prime factors of 807/b + (-1)/(-6).
3, 5
Suppose -9 + 5 = -2*s. Suppose 0*z + s*z - 4 = 0. What are the prime factors of (79 - 1)/z + 0?
3, 13
Let c = -24 - -42. Let d(v) = -v**3 - 10*v**2 + 9*v - 19. Let u be d(-11). What are the prime factors of (-6)/c + 70/u?
23
Suppose